{"id":23,"date":"2014-05-14T13:51:46","date_gmt":"2014-05-14T11:51:46","guid":{"rendered":"http:\/\/www.luludog.cz\/?page_id=23"},"modified":"2016-12-25T17:06:19","modified_gmt":"2016-12-25T16:06:19","slug":"venceni-psu","status":"publish","type":"page","link":"https:\/\/www.luludog.cz\/?page_id=23","title":{"rendered":"ven\u010den\u00ed ps\u016f"},"content":{"rendered":"<p style=\"text-align: center;\"><strong>Ka\u017ed\u00fd zodpov\u011bdn\u00fd p\u00e1n\u00ed\u010dek v\u00ed, \u017ee nem\u016f\u017ee nechat pejska samotn\u00e9ho doma x hodin, ani\u017e by ho vyven\u010dil a nechal prob\u011bhnout. Pr\u016fm\u011brn\u00e1 doba, kdy zdrav\u00fd pejsek vydr\u017e\u00ed ve dne zav\u0159en\u00fd, bez mo\u017enosti vykonat pot\u0159ebu, by nem\u011bla b\u00fdt v\u00edce ne\u017e 6 hodin. Jste v\u00edce hodin v pr\u00e1ci? Jste nemocn\u00ed, po \u00farazu nebo se\u00a0 jinak nem\u016f\u017eete v\u011bnovat sv\u00e9mu chlup\u00e1\u010di? Proto jsme tu my! Pejska b\u011bhem dne vyzvedneme, vyven\u010d\u00edme, pohrajeme, nakrm\u00edme, pomazl\u00edme :)<\/strong><\/p>\n<p><a href=\"http:\/\/www.luludog.cz\/wp-content\/uploads\/2014\/05\/IMG_1257.jpg\"><img loading=\"lazy\" decoding=\"async\" class=\"aligncenter  wp-image-1038\" src=\"http:\/\/www.luludog.cz\/wp-content\/uploads\/2014\/05\/IMG_1257.jpg\" alt=\"img_1257\" width=\"677\" height=\"398\" srcset=\"https:\/\/www.luludog.cz\/wp-content\/uploads\/2014\/05\/IMG_1257.jpg 5010w, https:\/\/www.luludog.cz\/wp-content\/uploads\/2014\/05\/IMG_1257-150x88.jpg 150w, https:\/\/www.luludog.cz\/wp-content\/uploads\/2014\/05\/IMG_1257-300x176.jpg 300w, https:\/\/www.luludog.cz\/wp-content\/uploads\/2014\/05\/IMG_1257-510x300.jpg 510w, https:\/\/www.luludog.cz\/wp-content\/uploads\/2014\/05\/IMG_1257-1140x670.jpg 1140w\" sizes=\"auto, (max-width: 677px) 100vw, 677px\" \/><\/a><strong>Jak na to?\u00a0<\/strong><\/p>\n<p style=\"text-align: center;\"><strong>Je to jednoduch\u00e9. Sta\u010d\u00ed zavolat \u010di napsat e-mail. Pov\u00edte n\u00e1m, jakou m\u00e1te p\u0159edstavu, jak si p\u0159ejete, aby ven\u010den\u00ed prob\u00edhalo. Samoz\u0159ejm\u011b n\u00e1s bude zaj\u00edmat, co m\u00e1te doma za chlup\u00e1\u010de. Ur\u010dit\u011b se na v\u0161em domluv\u00edme.<\/strong><\/p>\n<p><strong>Kdo ven\u010d\u00ed? <\/strong><\/p>\n<p>Pejsky ven\u010d\u00ed\u00a0 p\u0159\u00edmo provozovatel\u00e9. Proto zaji\u0161\u0165ujeme 100% spolehlivost!<\/p>\n<p>Ke ka\u017ed\u00e9mu klientovi a hlavn\u011b pejskovi p\u0159istupujeme individu\u00e1ln\u011b.<\/p>\n<p><strong>Jak to cel\u00e9 prob\u011bhne?<\/strong><\/p>\n<p>P\u0159ed prvn\u00edm ven\u010den\u00edm prob\u011bhne seznamovac\u00ed sch\u016fzka nejl\u00e9pe u V\u00e1s doma.<\/p>\n<p>Sezn\u00e1m\u00edme se s\u00a0pejskem, prost\u0159ed\u00edm (kde m\u00e1 pejsek vod\u00edtko, obojek, misku s\u00a0vodou\u2026), domluv\u00edme detaily, pejskovi po vyven\u010den\u00ed m\u016f\u017eeme vym\u011bnit vodu, p\u0159\u00edpadn\u011b nakrmit, vykoupat\u2026 v\u0161e co si budete p\u0159\u00e1t. R\u00e1di p\u016fjdeme i na spole\u010dnou proch\u00e1zku, kde n\u00e1m uk\u00e1\u017eete, kam chod\u00edte pejska ven\u010dit a my ho d\u00edky tomu i v\u00edce pozn\u00e1me. Psy z\u00a0vod\u00edtka pou\u0161t\u00edme pouze po p\u0159ede\u0161l\u00e9 domluv\u011b s\u00a0majitelem.<\/p>\n<p>Nakonec podeps\u00e1n\u00ed smlouvy a p\u0159ed\u00e1n\u00ed kl\u00ed\u010d\u016f oproti p\u0159ed\u00e1vac\u00edmu protokolu.<\/p>\n<p>N\u00e1sledn\u011b u\u017e budeme ven\u010dit v\u017edy podle domluven\u00e9ho harmonogramu tak, jak budete m\u00edt objedn\u00e1no.<\/p>\n<p><strong>Co nab\u00edz\u00edme?<\/strong><\/p>\n<p>pravideln\u00e9 ven\u010den\u00ed na dobu neur\u010ditou nebo i jen n\u00e1razov\u00e9 a ob\u010dasn\u00e9 ven\u010den\u00ed.<\/p>\n<p>Nab\u00edz\u00edme ven\u010den\u00ed po dobu <strong>15, 30, 45<\/strong> nebo <strong>60 min.\u00a0 <\/strong>Ven\u010d\u00edme v<strong> pracovn\u00ed dny od 8-17h <\/strong>za z\u00e1kladn\u00ed cenu (viz cen\u00edk) nebo za<strong> p\u0159\u00edplatek <\/strong>v jinou hodinu, st\u00e1tn\u00ed sv\u00e1tky a v\u00edkendy. <strong><br \/>\n<\/strong><\/p>\n<p><strong>Od objedn\u00e1vky nov\u00e9ho klienta jsme schopni za\u0159\u00eddit prvn\u00ed ven\u010den\u00ed do 5 dn\u016f. <\/strong><\/p>\n<p><a href=\"http:\/\/www.luludog.cz\/wp-content\/uploads\/2014\/05\/IMG_0713.jpg\"><img loading=\"lazy\" decoding=\"async\" class=\"aligncenter  wp-image-1039\" src=\"http:\/\/www.luludog.cz\/wp-content\/uploads\/2014\/05\/IMG_0713.jpg\" alt=\"img_0713\" width=\"497\" height=\"369\" srcset=\"https:\/\/www.luludog.cz\/wp-content\/uploads\/2014\/05\/IMG_0713.jpg 4586w, https:\/\/www.luludog.cz\/wp-content\/uploads\/2014\/05\/IMG_0713-150x111.jpg 150w, https:\/\/www.luludog.cz\/wp-content\/uploads\/2014\/05\/IMG_0713-300x222.jpg 300w, https:\/\/www.luludog.cz\/wp-content\/uploads\/2014\/05\/IMG_0713-510x378.jpg 510w, https:\/\/www.luludog.cz\/wp-content\/uploads\/2014\/05\/IMG_0713-1140x845.jpg 1140w\" sizes=\"auto, (max-width: 497px) 100vw, 497px\" \/><\/a><\/p>\n<hr \/>\n<p>&nbsp;<\/p>\n<p><strong>Cen\u00edk:<\/strong><\/p>\n<ul>\n<li>15min 100K\u010d<\/li>\n<li>30min 120K\u010d<\/li>\n<li>45min 140K\u010d<\/li>\n<li>60min 160K\u010d<\/li>\n<li><strong>Ka\u017edy dal\u0161\u00ed pes od jednoho majitele plus 40K\u010d<\/strong><\/li>\n<li>ven\u010den\u00ed od 17h do 21h plus 40K\u010d<\/li>\n<li><strong>ven\u010den\u00ed od 21h do 8h plus 100% z ceny<\/strong><\/li>\n<li>Expresn\u00ed ven\u010den\u00ed, objedn\u00e1no m\u00e9n\u011b ne\u017e 24hod p\u0159edem + 50% z ceny<\/li>\n<li><strong>V\u00edkendov\u00e9 ven\u010den\u00ed a sv\u00e1tky + 50% z ceny <\/strong><\/li>\n<\/ul>\n<p><strong>\u00a0<\/strong><\/p>\n<hr \/>\n<p>&nbsp;<\/p>\n<p><strong>\u00a0<\/strong><\/p>\n","protected":false},"excerpt":{"rendered":"<p>Ka\u017ed\u00fd zodpov\u011bdn\u00fd p\u00e1n\u00ed\u010dek v\u00ed, \u017ee nem\u016f\u017ee nechat pejska samotn\u00e9ho doma x hodin, ani\u017e by ho vyven\u010dil a nechal prob\u011bhnout. Pr\u016fm\u011brn\u00e1 doba, kdy zdrav\u00fd pejsek vydr\u017e\u00ed ve dne zav\u0159en\u00fd, bez mo\u017enosti vykonat pot\u0159ebu, by nem\u011bla b\u00fdt v\u00edce ne\u017e 6 hodin. Jste v\u00edce hodin v pr\u00e1ci? Jste nemocn\u00ed, po \u00farazu nebo se\u00a0 jinak nem\u016f\u017eete v\u011bnovat sv\u00e9mu chlup\u00e1\u010di? [&hellip;]<\/p>\n","protected":false},"author":1,"featured_media":0,"parent":0,"menu_order":0,"comment_status":"open","ping_status":"open","template":"","meta":{"footnotes":""},"class_list":["post-23","page","type-page","status-publish","hentry"],"_links":{"self":[{"href":"https:\/\/www.luludog.cz\/index.php?rest_route=\/wp\/v2\/pages\/23","targetHints":{"allow":["GET"]}}],"collection":[{"href":"https:\/\/www.luludog.cz\/index.php?rest_route=\/wp\/v2\/pages"}],"about":[{"href":"https:\/\/www.luludog.cz\/index.php?rest_route=\/wp\/v2\/types\/page"}],"author":[{"embeddable":true,"href":"https:\/\/www.luludog.cz\/index.php?rest_route=\/wp\/v2\/users\/1"}],"replies":[{"embeddable":true,"href":"https:\/\/www.luludog.cz\/index.php?rest_route=%2Fwp%2Fv2%2Fcomments&post=23"}],"version-history":[{"count":25,"href":"https:\/\/www.luludog.cz\/index.php?rest_route=\/wp\/v2\/pages\/23\/revisions"}],"predecessor-version":[{"id":1040,"href":"https:\/\/www.luludog.cz\/index.php?rest_route=\/wp\/v2\/pages\/23\/revisions\/1040"}],"wp:attachment":[{"href":"https:\/\/www.luludog.cz\/index.php?rest_route=%2Fwp%2Fv2%2Fmedia&parent=23"}],"curies":[{"name":"wp","href":"https:\/\/api.w.org\/{rel}","templated":true}]}}